be (-36)/30*10/3. Let y(x) = x + 1. Determine y(a).
-3
Let t(l) = -6*l**2 + 2*l - 1. Suppose 5*g - 2*c - 15 = 0, -4*g + 29 = -0*c - 5*c. Determine t(g).
-5
Let s(i) = i - 3. Let l = -5 - -12. Determine s(l).
4
Let b be -6*(-2)/3*1/2. Let a(k) = k**3 - k**2 - 3*k + 3. Calculate a(b).
1
Let p be 1*11*8/4. Let h = p - 13. Let t(r) = -r**2 + 8*r + 3. Give t(h).
-6
Let z be 3 - (3 - -10 - 4). Let q(o) = -1 + 5*o - 3 + 2*o**2 - o**2. What is q(z)?
2
Let t(d) = 5*d**3 - 6*d**2 - 4. Let i(o) = -o**3 + 1. Let u(b) = 4*i(b) + t(b). Let m be u(6). Let v(j) = j**2 - 4. Determine v(m).
-4
Let i(d) = -4*d**3 - 2*d**2 + 7*d - 3. Let w(j) = -5*j**3 - 2*j**2 + 8*j - 4. Let t(l) = 6*i(l) - 5*w(l). What is t(2)?
6
Let g be (-3)/((-10)/(-4) + -2). Let j(d) be the second derivative of -d**4/12 - 7*d**3/6 + d. Calculate j(g).
6
Let u(q) = -q - 4. Suppose -2*o + 3*h = -2*h + 12, -4*o = -h + 24. Calculate u(o).
2
Let g(v) be the second derivative of v**3/6 + v**2/2 + 4*v. Determine g(7).
8
Let h = 16 + -7. Let d(w) = -3 + h - 3 + 4*w. Calculate d(-2).
-5
Let i = 22 + -21. Let k(y) = 4*y + 1. What is k(i)?
5
Let w(s) = -3*s + 14. Suppose 6 = 2*m - 6. Let g be w(m). Let h(z) = -z**2 - 5*z + 2. Give h(g).
6
Let g = 22 - 20. Let k(w) = -3 + 6 + g*w + 3*w. Give k(-2).
-7
Let h(u) = u**3 - 10*u**2 + 11*u - 7. Suppose -2*t - t = -27. Calculate h(t).
11
Let s(b) = 2*b. Let q = 14 + -16. Determine s(q).
-4
Suppose 2*g + 15 = -g. Let o be g + 4 + (3 - 2). Let x(h) = -2*h**2 - h + 8. Let f(v) = v**2. Let a(s) = 3*f(s) + x(s). Calculate a(o).
8
Let s(x) = 1 + 0*x**2 + 0 - 7*x**2. Give s(-1).
-6
Let k(c) = -c**2 - 6*c. Let i be k(-6). Suppose 0*n - 2*n = -6. Let m(o) = 2 + o + n + 2. What is m(i)?
7
Let l(r) = r**3 - 6*r**2 + r - 4. Let j be l(6). Let n(c) = -c**j - c**2 + 1 + 3*c**2 + c**2 + 4*c. Calculate n(-3).
7
Let t(o) = -15*o - 91. Let b be t(-6). Suppose 8*r = 4*r - 5*n - 11, -2*n - 6 = 0. Let y(d) = d + r - d - 6*d. What is y(b)?
7
Let q(b) = -5*b**2 + 5*b + 4. Let g(z) = 4*z**2 - 4*z - 4. Suppose 2*r + 8 = 20. Let o(m) = r*g(m) + 5*q(m). Determine o(0).
-4
Suppose 5*u + 11 = -14. Let h(f) be the second derivative of -f**7/2520 - f**6/120 + f**4/6 - f. Let i(y) be the third derivative of h(y). Determine i(u).
5
Let t(m) = 6*m + 23. Let x(l) = l + 4. Let c(g) = 6*t(g) - 34*x(g). Let z be (-3)/12 - (-29)/4. Let j = -12 + z. Give c(j).
-8
Let a(d) = d. Let f be a(3). Let j(y) = -2*y + 2*y + f*y + 4. Let o = -29 - -32. Give j(o).
13
Let d(n) = -n - 2. Let p(a) = -4*a - 7. Let x(z) = -9*d(z) + 2*p(z). Calculate x(-8).
-4
Let g(k) be the third derivative of k**5/30 - k**4/24 - k**3/3 + k**2. Let o be 158/(-8) - (-5)/(-20). Let m be 2 - (-5)/(o/16). Determine g(m).
8
Let c(f) = -2*f**2 - 1. Suppose 5*o - 8 = -5*l + 2*o, -4*l - 2*o = -6. Give c(l).
-3
Suppose -6 = -4*y + 2. Let k(h) = 3 + 16*h - 18*h - y. What is k(3)?
-5
Let w(g) be the third derivative of -1/6*g**3 - 1/60*g**5 + 2*g**2 + 0*g - 7/24*g**4 + 0. Calculate w(-5).
9
Suppose 0*k - 3*c = 2*k + 16, 0 = -c. Let h(q) = q + 10. What is h(k)?
2
Let b(q) be the third derivative of q**9/60480 - q**8/5040 + q**7/1680 - q**6/120 + q**5/12 + 3*q**2. Let j(d) be the third derivative of b(d). What is j(4)?
6
Suppose 3*w + 0*w = 6. Let c(k) = -3*k**3 + 2*k**2 + 5*k. Let d(f) = -7*f**3 + 5*f**2 + 11*f + 1. Let l(g) = -5*c(g) + 2*d(g). Determine l(w).
4
Let p(x) be the second derivative of x**3/6 - x**2 - 18*x. Determine p(2).
0
Let d(i) = 43 + i - 46 + 20*i**2 - i**3 - 23*i**2. Calculate d(-4).
9
Let h(d) = 2*d + 4. Let y = 10 + -4. Let b = 1 - y. What is h(b)?
-6
Let r(u) = -u + 7. Let x be ((-8)/(-10))/(16/40). Suppose -4*v + x*v - 12 = -2*i, -4*i = 5*v + 3. Determine r(i).
4
Suppose 2*l + 1 = j - 3, -2*j + l = -8. Let c(r) = -7*r + 1. Let q(b) = -6*b + 1. Let u(s) = j*q(s) - 5*c(s). What is u(1)?
10
Let f(q) = 6*q. Let v = -99 - -103. Calculate f(v).
24
Let l(x) = -3*x - 47. Let i be l(-18). Let n(o) = 2*o - 7. What is n(i)?
7
Let p(h) = -7*h**3 + 21*h**2 - 23*h + 17. Let g(r) = -3*r**3 + 10*r**2 - 11*r + 8. Let m(j) = -9*g(j) + 4*p(j). Give m(-7).
-4
Let t(c) be the third derivative of -c**6/120 - c**5/60 - c**3/2 - 11*c**2. Calculate t(0).
-3
Let f(w) = 2*w + 2. Suppose 0 = 2*h - 4*h. Suppose 4*m + h = 3*k - 6, 4*k = -m + 8. Calculate f(k).
6
Suppose -3*o = -0*o + 21. Let t(s) = s + 7. Let p be t(o). Let i(k) = -k**2 - 2*k + 2*k - 6. Determine i(p).
-6
Suppose -2 = 3*k - 2*y, -k + 4*y - 14 = -0*k. Let t(n) be the first derivative of -k*n + 1/3*n**3 + 1 - 2*n**2. Give t(5).
3
Let d(x) = 4*x**2 + 1 + 6*x - x**2 - 2*x**2. Give d(-5).
-4
Let d(k) = 3*k + 13. Let x be d(-4). Let b(p) = -9*p + 14. Let m(s) = 3*s - 5. Suppose w + 44 = -3*w. Let q(n) = w*m(n) - 4*b(n). Determine q(x).
2
Let y(z) be the third derivative of -z**4/12 + z**3/2 - 7*z**2. Calculate y(3).
-3
Suppose 0 = 5*k - 14 - 6. Let i(j) = j**2 - 4*j - 5. Determine i(k).
-5
Let u(a) = -a**3 - 2*a**2 - a - 1. Let m be u(-2). Suppose -2*y + m = -g, -4*g + 0*y - 5*y - 30 = 0. Let l(x) = x**3 + 5*x**2 - 2*x - 1. Give l(g).
9
Let x(t) = t**2 + 5*t - 2. Let c be 2/(-4)*0*1. Let v = 7 - c. Let k = -12 + v. What is x(k)?
-2
Let b(g) = g**3 - 7*g**2 + 8*g - 8. Let n(r) = r**2 - 9*r - 4. Let l be n(10). Suppose -l = -j - h, 2*j - h - 12 = h. Let x = j - 0. Calculate b(x).
4
Let r(a) be the second derivative of 1/12*a**4 + a + 0 - 2/3*a**3 - 3/2*a**2. Let x(h) = h + 1. Let u(m) = -r(m) - x(m). Give u(3).
2
Suppose -4*d + 3*k + k = -40, -4*d + k + 37 = 0. Let p(i) = i**2 - 8*i - 3. Give p(d).
6
Let p(x) = -4*x + 1. Suppose -23 = 4*r - 35. Give p(r).
-11
Let x(b) = -b**2 - 9*b + 7. Let w be x(-9). Let k = -7 + w. Let j(g) = g - 11. Calculate j(k).
-11
Let k(o) = -7 + 36*o - 14*o - 23*o. Determine k(-6).
-1
Suppose 0 = 4*b - 6 - 6. Let z(h) = h**3 - 4*h - 1. Determine z(b).
14
Let x(t) = -9*t - 12. Let o(r) = -r - 1. Let w(h) = -22*o(h) + 2*x(h). Let p(n) = -3*n + 1. Let v be p(2). Let i = -3 - v. What is w(i)?
6
Let d = -47 + 47. Let w(j) be the third derivative of 0 + d*j - 1/6*j**3 - 2*j**2 + 1/24*j**4. What is w(-4)?
-5
Let g(j) = -3*j**2 + j - 1. Let s be g(1). Let u(i) be the second derivative of -i**3/6 - i**2/2 - 7*i. What is u(s)?
2
Let t(f) = -2*f + 11. Let m(s) = -s + 5. Let i(y) = 6*y**3 + y**2 + 2*y + 1. Let z be i(-1). Let h(c) = z*t(c) + 14*m(c). Calculate h(3).
-2
Let b = 22 + -21. Let v(o) = -11*o**2 - o. Determine v(b).
-12
Let j(g) = 6*g**2 - 3*g - 11. Let p(z) = -3*z**2 + z + 5. Let f(w) = -3*j(w) - 7*p(w). Calculate f(-2).
6
Let n(f) = f**2. Let m(g) = g**2 + 2*g + 4. Let k(r) = -m(r) + 2*n(r). Let j(z) = -z**3 + 7*z**2 - 6*z - 8. Let b be j(6). Let q = -5 - b. What is k(q)?
-1
Let z = 27 + -30. Let g(j) = j**3 + 3*j**2 - j - 1. Determine g(z).
2
Let m(i) be the third derivative of -i**6/120 - i**5/12 - i**4/24 - i**3/6 + 12*i**2. Determine m(-5).
4
Let f(u) = 0*u + 2 - 2 + 2 - u. Calculate f(2).
0
Let g(d) = 1. Let b(r) = 3*r + 15. Let o(k) = b(k) - 15*g(k). Calculate o(-2).
-6
Let h(k) = -k**2 - k - 1. Let y be h(-1). Let f be 2 - 1/(y/(-9)). Let v(w) = w**2 + 7*w - 3. Let p be v(f). Let d(u) = u**3 + 4*u**2 + 4*u + 2. Determine d(p).
-1
Let k(g) be the third derivative of -g**7/2520 + 7*g**6/720 - g**5/30 - g**4/6 - 4*g**2. Let n(a) be the second derivative of k(a). Determine n(5).
6
Suppose 7*r = 12*r - 15. Let c(s) = s - 2 - 5*s**3 + 4*s**r + 5*s**2 - 5*s**2. Determine c(-2).
4
Let y be (-20)/(-3)*(-6)/4. Let t = y - -14. Let n(j) be the third derivative of -j**6/120 + j**5/15 - j**4/12 + 2*j**3/3 + 4*j**2. Give n(t).
-4
Let o(a) be the third derivative of -a**4/24 - a**3/3 + 4*a**2. Calculate o(-5).
3
Let l = -11 - -5. Let s(x) be the second derivative of x**4/12 + 7*x**3/6 + 3*x**2/2 - 31*x - 1. Give s(l).
-3
Let g(s) = 2*s - 12. Let x be g(8). Let v(o) = 5*o - x - 4*o + 5. Give v(-1).
0
Let p(m) be the first derivative of m**3/3 - 2*m**2 - 3*m - 40. What is p(5)?
2
Let i(u) = -7*u - u**3 + u**3 + u**3 + 5 + 7*u**2. Let x be i(-8). Let z(w) = w**3 + 2*w**2 - 3*w - 4. Calculate z(x).
-4
Let v(r) = r**2 + 1. Let k be v(-1). Let x(s) = 0*s**k - s + s**2 + 2*s + 5*s. What is x(-4)?
-8
Let l be 10*(3 - (-39)/(-15)). Let a(s) = s**2 - 3*s**3 + 2 + 8*s**3 + 0*s**3 - l*s**3 - 3*s. Give a(2).
8
Let w(d) = d**3 - 4*d**2 + 2*d - 4. Let j be (-3)/2*40/(-15). Calc